ber?
True
Is 29269 composite?
False
Is 745 prime?
False
Is 112799 a composite number?
False
Is 228049 a prime number?
True
Is 182851 composite?
False
Is 33094 a prime number?
False
Is 206749 composite?
False
Is 447 a composite number?
True
Is 12197 a composite number?
False
Is 243391 a composite number?
False
Is 14179 composite?
True
Is 1454 a composite number?
True
Is 28687 a prime number?
True
Is 403829 a composite number?
False
Is 317605 a composite number?
True
Is 29243 prime?
True
Is 5737 a prime number?
True
Is 684781 a composite number?
True
Is 13327 a prime number?
True
Is 106591 a prime number?
True
Is 1801 a prime number?
True
Is 22597 prime?
False
Is 4634089 a composite number?
False
Is 3817 a composite number?
True
Is 14167 composite?
True
Is 258203 composite?
True
Is 8191 a composite number?
False
Is 3989 prime?
True
Is 149827 a prime number?
True
Is 1071311 prime?
True
Is 94747 a prime number?
True
Is 967 composite?
False
Is 1741 composite?
False
Is 26539 a prime number?
True
Is 5639 composite?
False
Is 232303 prime?
True
Is 48957 prime?
False
Is 61003 a composite number?
True
Is 57403 a composite number?
True
Is 189537 composite?
True
Is 416289 a prime number?
False
Is 56698 composite?
True
Is 15163 a prime number?
False
Is 2619163 a prime number?
True
Is 44311 composite?
True
Is 2103 a composite number?
True
Is 231259 a prime number?
False
Is 7343 composite?
True
Is 157543 prime?
True
Is 18787 a prime number?
True
Is 18899 prime?
True
Is 24359 composite?
False
Is 509 a composite number?
False
Is 80269 a composite number?
True
Is 4769 prime?
False
Is 257833 composite?
True
Is 93221 a prime number?
False
Is 21961 a composite number?
False
Is 69655 prime?
False
Is 12637 composite?
False
Is 955 prime?
False
Is 235595 a prime number?
False
Is 1778971 composite?
False
Is 4049 prime?
True
Is 41299 prime?
True
Is 10963 a composite number?
True
Is 123077 a prime number?
True
Is 8159 prime?
False
Is 488833 composite?
False
Is 28729 prime?
True
Is 6247 prime?
True
Is 345221 a composite number?
False
Is 32159 composite?
False
Is 376087 a composite number?
True
Is 47189 a composite number?
False
Is 425773 a composite number?
True
Is 35599 prime?
False
Is 10007 a composite number?
False
Is 8651 a prime number?
False
Is 4829 prime?
False
Is 14813 a prime number?
True
Is 51733 a composite number?
True
Is 677 a composite number?
False
Is 14923 a composite number?
False
Is 7349 composite?
False
Is 24607 composite?
True
Is 820343 a composite number?
False
Is 851153 a prime number?
True
Is 870689 prime?
False
Is 95911 composite?
False
Is 351527 a prime number?
False
Is 22226 a prime number?
False
Is 3868539 a composite number?
True
Is 11015 a prime number?
False
Is 463529 a composite number?
True
Is 32707 composite?
False
Is 7121 a prime number?
True
Is 1918463 prime?
True
Is 8791 prime?
False
Is 968759 a composite number?
True
Is 16294 a prime number?
False
Is 21059 a composite number?
False
Is 60461 prime?
False
Is 25163 a composite number?
False
Is 66427 prime?
False
Is 55529 a composite number?
False
Is 27473 prime?
False
Is 153739 composite?
False
Is 7717 a prime number?
True
Is 352181 composite?
False
Is 305209 prime?
True
Is 22469 a composite number?
False
Is 308597 prime?
True
Is 5447 composite?
True
Is 62171 composite?
False
Is 1087 a prime number?
True
Is 225217 prime?
True
Is 157991 composite?
False
Is 5513 a composite number?
True
Is 49759 a composite number?
True
Is 627689 a prime number?
False
Is 246161 prime?
False
Is 138209 a prime number?
True
Is 14489 prime?
True
Is 89653 prime?
True
Is 4719227 composite?
False
Is 1785419 a composite number?
False
Is 9847 a composite number?
True
Is 18913489 a prime number?
False
Is 29221 prime?
True
Is 3418049 prime?
True
Is 12007 a composite number?
False
Is 234229 a composite number?
True
Is 38618 a prime number?
False
Is 2593453 a prime number?
True
Is 1123 a prime number?
True
Is 2522867 a prime number?
True
Is 38813 a prime number?
False
Is 354619 a composite number?
False
Is 228133 a prime number?
False
Is 979 prime?
False
Is 10774 a composite number?
True
Is 214759 a composite number?
False
Is 16097 prime?
True
Is 64171 a composite number?
False
Is 291497 composite?
True
Is 950657 composite?
True
Is 41131 prime?
True
Is 72411 a prime number?
False
Is 2011697 prime?
True
Is 42841 a prime number?
True
Is 25087 a composite number?
False
Is 149146 composite?
True
Is 68905 prime?
False
Is 623 prime?
False
Is 1124101 composite?
True
Is 5669 composite?
False
Is 10357 a composite number?
False
Is 15817 prime?
True
Is 15727 prime?
True
Is 256117 prime?
True
Is 130937 a composite number?
True
Is 4111 composite?
False
Is 5077 composite?
False
Is 5981 prime?
True
Is 131993 composite?
True
Is 77929 prime?
True
Is 6116757 composite?
True
Is 1847 prime?
True
Is 756943 prime?
False
Is 72035 prime?
False
Is 16489 composite?
True
Is 16607 a composite number?
False
Is 29101 prime?
True
Is 44329 composite?
True
Is 30631 composite?
False
Is 2467 composite?
False
Is 14528771 prime?
True
Is 2099 composite?
False
Is 21647 prime?
True
Is 247 a prime number?
False
Is 699983 composite?
True
Is 1235363 a composite number?
False
Is 794102 prime?
False
Is 222631 a prime number?
False
Is 21287 composite?
True
Is 2567 composite?
True
Is 12497 composite?
False
Is 2719 composite?
False
Is 45007 a prime number?
True
Is 839539 prime?
True
Is 6598 a composite number?
True
Is 14713 composite?
False
Is 724393 composite?
False
Is 7735345 a composite number?
True
Is 23417 a composite number?
False
Is 3600881 prime?
True
Is 354847 a prime number?
True
Is 177677 a prime number?
True
Is 299309 a prime number?
False
Is 11003 composite?
False
Is 16743 a composite number?
True
Is 7919 a composite number?
False
Is 1379 prime?
False
Is 116329 a prime number?
True
Is 644638 a prime number?
False
Is 1730657 a prime number?
True
Is 194861 a prime number?
True
Is 76303 a prime number?
True
Is 261323 prime?
True
Is 62353 a composite number?
True
Is 52907 a composite number?
True
Is 13643 composite?
True
Is 345903 a prime number?
False
Is 751 a prime number?
True
Is 5161 composite?
True
Is 174781 a composite number?
True
Is 2155319 a prime number?
True
Is 169985 prime?
False
Is 889354 composite?
True
Is 3386 a prime number?
False
Is 20249 composite?
False
Is 114419 prime?
True
Is 777617 a prime number?
True
Is 843431 a composite number?
True
Is 53918 a prime number?
False
Is 14971 prime?
False
Is 3049 a composite number?
False
Is 173081 a composite number?
False
Is 12689 a composite number?
False
Is 376699 composite?
False
Is 162119 composite?
False
Is 260317 prime?
True
Is 73237 a prime number?
True
Is 180019 a composite number?
True
Is 29917 composite?
False
Is 40981 a composite number?
True
Is 1966 composite?
True
Is 68269 prime?
False
Is 70039 a prime number?
True
Is 301027 a composite number?
False
Is 182309 prime?
True
Is 19157 prime?
True
Is 1117 composite?
False
Is 75605 a composite number?
True
Is 11611 a prime number?
False
Is 673609 composite?
False
Is 13742 prime?
False
Is 667349 a prime number?
False
Is 71803 a prime number?
False
Is 4621 prime?
True
Is 431857 a prime number?
True
Is 263607 a composite number?
True
Is 4694 a prime number?
False
Is 228163 prime?
False
Is 14 prime?
False
Is 847271 prime?
True
Is 168274 a composite number?
True
Is 83479 a prime number?
False
Is 8285 a composite number?
True
Is 885497 a prime number?
True
Is 27411 a prime number?
False
Is 77003 composite?
False
Is 9941 composite?
False
Is 620651 prime?
False
Is 540487 composite?
True
Is 534479 a prime number?
False
Is 26479 prime?
True
Is 25855 composite?
True
Is 1559 a composite number?
False
Is 14143 a composite number?
False
Is 43879 composite?
True
Is 14123 prime?
False
Is 977 a composite number?
False
Is 41119 a composite number?
True
Is 134427 prime?
False
Is 132929 composite?
False
Is 190565 a prime number?
False
Is 573451 prime?
True
Is 11717 a prime number?
True
Is 316493 prime?
True
Is 10099 a prime number?
True
Is 34003 composite?
True
Is 39469 a composite number?
True
Is 631 prime?
True
Is 178013 a prime number?
False
Is 338179 a composite number?
True
Is 2083799 composite?
False
Is 16349 a prime number?
True
Is 210727 prime?
False
I